{"id":72,"date":"2022-10-03T10:39:47","date_gmt":"2022-10-03T08:39:47","guid":{"rendered":"http:\/\/qfbznlr.cluster030.hosting.ovh.net\/szkola\/?page_id=72"},"modified":"2026-04-02T17:42:16","modified_gmt":"2026-04-02T15:42:16","slug":"o-nas","status":"publish","type":"page","link":"https:\/\/bbts.pl\/akademia\/o-nas\/","title":{"rendered":"O nas"},"content":{"rendered":"<p>[vc_row unlock_row_content=&#8221;yes&#8221; row_height_percent=&#8221;0&#8243; override_padding=&#8221;yes&#8221; h_padding=&#8221;2&#8243; top_padding=&#8221;3&#8243; bottom_padding=&#8221;3&#8243; back_image=&#8221;16&#8243; overlay_color=&#8221;color-210407&#8243; overlay_alpha=&#8221;90&#8243; gutter_size=&#8221;3&#8243; column_width_percent=&#8221;100&#8243; shift_y=&#8221;0&#8243; z_index=&#8221;0&#8243; uncode_shortcode_id=&#8221;149341&#8243; overlay_color_type=&#8221;uncode-palette&#8221;][vc_column column_width_percent=&#8221;100&#8243; position_vertical=&#8221;middle&#8221; align_horizontal=&#8221;align_center&#8221; gutter_size=&#8221;3&#8243; style=&#8221;dark&#8221; overlay_alpha=&#8221;50&#8243; shift_x=&#8221;0&#8243; shift_y=&#8221;0&#8243; shift_y_down=&#8221;0&#8243; z_index=&#8221;0&#8243; medium_width=&#8221;0&#8243; mobile_width=&#8221;0&#8243; width=&#8221;1\/1&#8243; uncode_shortcode_id=&#8221;144576&#8243;][vc_custom_heading text_size=&#8221;h4&#8243; uncode_shortcode_id=&#8221;176321&#8243;]O klubie[\/vc_custom_heading][\/vc_column][\/vc_row][vc_row row_height_percent=&#8221;0&#8243; override_padding=&#8221;yes&#8221; h_padding=&#8221;2&#8243; top_padding=&#8221;3&#8243; bottom_padding=&#8221;3&#8243; overlay_alpha=&#8221;50&#8243; gutter_size=&#8221;3&#8243; column_width_percent=&#8221;100&#8243; shift_y=&#8221;0&#8243; z_index=&#8221;0&#8243; uncode_shortcode_id=&#8221;120609&#8243;][vc_column width=&#8221;1\/1&#8243;][vc_row_inner][vc_column_inner column_width_percent=&#8221;100&#8243; gutter_size=&#8221;3&#8243; overlay_alpha=&#8221;50&#8243; shift_x=&#8221;0&#8243; shift_y=&#8221;0&#8243; shift_y_down=&#8221;0&#8243; z_index=&#8221;0&#8243; medium_width=&#8221;0&#8243; mobile_width=&#8221;0&#8243; width=&#8221;1\/2&#8243; uncode_shortcode_id=&#8221;163963&#8243;][vc_single_image media=&#8221;4&#8243; media_width_percent=&#8221;100&#8243; uncode_shortcode_id=&#8221;159965&#8243;][\/vc_column_inner][vc_column_inner width=&#8221;1\/2&#8243;][vc_custom_heading text_size=&#8221;h4&#8243; uncode_shortcode_id=&#8221;157834&#8243;]<strong>Bielsko Bialskie Towarzystwo Sportowe<\/strong><br \/>\n<strong>PODBESKIDZIE<\/strong>[\/vc_custom_heading][vc_column_text uncode_shortcode_id=&#8221;935535&#8243;]<strong>Adres<\/strong>: 43-300 Bielsko-Bia\u0142a ul. Olimpijska 14<br \/>\n<strong>Telefon<\/strong>:<\/p>\n<ul>\n<li>Sekretariat- 668 168 033<\/li>\n<li>Ksi\u0119gowo\u015b\u0107- 33 829 00 64<\/li>\n<\/ul>\n<p><strong>Kontakt<\/strong> <strong>e-mail<\/strong>: podbeskidzie@smsbbts.pl<br \/>\n<strong>Barwy<\/strong>: czerwono-bia\u0142o-niebieskie<\/p>\n<p>Zarz\u0105d Towarzystwa:<\/p>\n<p>Prezes: Jaros\u0142aw Rozmus<br \/>\nWiceprezesi: Jerzy Wolas, Grzegorz Rogala<br \/>\nSekretarz: Rafa\u0142 Obracaj<br \/>\nCz\u0142onek zarz\u0105du: Gabriela Wolas<\/p>\n<p>Gdzie gramy mecze?<br \/>\n43-300 Bielsko-Bia\u0142a, ul. Olimpijska 14<\/p>\n<p>43-300 Bielsko-Bia\u0142a, ul. M\u0142y\u0144ska 52b (boisko BBOSiR)<\/p>\n<p>43-300 Bielsko-Bia\u0142a, ul. Jaworza\u0144ska 116 (boisko BBOSIR)[\/vc_column_text][\/vc_column_inner][\/vc_row_inner][vc_custom_heading text_size=&#8221;h3&#8243; uncode_shortcode_id=&#8221;180597&#8243;]Historia[\/vc_custom_heading][vc_column_text uncode_shortcode_id=&#8221;157179&#8243;]Historia naszego stowarzyszenia si\u0119ga roku 1907<\/p>\n<p>Wtedy to powsta\u0142 Bielitzer Fussball Klub, przemianowany p\u00f3\u017aniej na Bielitz-Bialaer Sport Verein (BBSV). Jednym z za\u0142o\u017cycieli by\u0142 dr Stonawski, kt\u00f3ry &#8222;zara\u017cony&#8221; futbolem po powrocie z Wiednia postanowi\u0142 za\u0142o\u017cy\u0107, wzorem Cracovii i Wis\u0142y, dru\u017cyn\u0119 pi\u0142karsk\u0105. W pierwszych latach dzia\u0142alno\u015bci klub opanowali Niemcy, decyduj\u0105c o jego kontaktach i aktywno\u015bci. Ma\u0142a garstka Polak\u00f3w d\u0105\u017cy\u0142a jednak do tego, aby klub sta\u0142 si\u0119 \u015brodowiskiem polskiego ducha narodowego. Trzeba bowiem nadmieni\u0107, \u017ce Bielsko zamieszkiwa\u0142a du\u017ca liczba Niemc\u00f3w, w przeciwie\u0144stwie do s\u0105siedniego w\u00f3wczas miasta Bia\u0142ej, gdzie &#8222;dominacja&#8221; Polak\u00f3w nie podlega\u0142a dyskusji. Przeciwnikami bielszczan ju\u017c w pierwszym okresie by\u0142y takie dru\u017cyny jak Wis\u0142a, Cracovia, Diana Katowice czy Admira Wiede\u0144. W okresie mi\u0119dzywojennym zesp\u00f3\u0142 nale\u017ca\u0142 do najlepszych na Podbeskidziu, a nawet \u015al\u0105sku, gdy\u017c gra\u0142 przez par\u0119 lat w I Lidze \u015al\u0105skiej, a przez pewien czas jego trenerem by\u0142 eks-reprezentant Polski Jan Kryszkiewicz.<\/p>\n<p>Do 1935 roku utrzymywa\u0142a si\u0119 niemiecka nazwa klubu, mimo i\u017c jego cz\u0142onkami byli przede wszystkim Polacy. W ko\u0144cu senator Rudolf Wiesner i jego partyjni podw\u0142adni z &#8222;Jungdeutsche Partei&#8221; nic nie mogli poradzi\u0107 przeciwko ambitnym poczynaniom polskiego \u015brodowiska. W wyborach klubowych zwyci\u0119\u017cyli Polacy, a nazw\u0119 zmieniono na Bielsko-Bialskie Towarzystwo Sportowe. BBTS zacz\u0105\u0142 odnosi\u0107 sukcesy bij\u0105c \u00f3wczesnego Mistrza Polski \u2013 Ruch Chorz\u00f3w 2:1, Cracovi\u0119 4:1 i AKS Chorz\u00f3w 3:2.<\/p>\n<p>W Bielsku go\u015bci\u0142y te\u017c wiede\u0144skie Vienna i Admira, kt\u00f3re tylko zremisowa\u0142y, nawet s\u0142ynne \u201eCzerwone Diab\u0142y\u201d z Liege musia\u0142y uzna\u0107 wy\u017cszo\u015b\u0107 reprezentacji Bielska, opartej g\u0142\u00f3wnie na pi\u0142karzach BBTS, przegrywaj\u0105c ostatecznie 1:2. Niestety, nadesz\u0142a wojna, kt\u00f3ra sparali\u017cowa\u0142a polskie \u017cycie sportowe. W pierwszych szeregach obro\u0144c\u00f3w kraju znale\u017ali si\u0119 tak\u017ce sportowcy i dzia\u0142acze BBTS, z kt\u00f3rych cz\u0119\u015b\u0107 zgin\u0119\u0142a w kampani wrze\u015bniowej, inni co ofiarniejsi znale\u017ali si\u0119 w wi\u0119zieniach i obozach koncentracyjnych.<\/p>\n<p>Okres po II wojnie \u015bwiatowej.<\/p>\n<p>Po wojnie trzeba by\u0142o odbudowywa\u0107 wszystko od podstaw. Wiosn\u0105 1945r przyst\u0105piono do reaktywowania Bielsko-Bialskiego Towarzystwa Sportowego. Wybudowano na nowo boisko, stopniowo zacz\u0119to budowa\u0107 i remontowa\u0107 pozosta\u0142e obiekty. Po wojnie dru\u017cyna walczy\u0142a najpierw w A klasie i sk\u0142ada\u0142a si\u0119 wy\u0142\u0105cznie z miejscowych zawodnik\u00f3w.<\/p>\n<p>W mi\u0119dzyczasie do Bielska przyjecha\u0142a dru\u017cyna z absolutnej czo\u0142\u00f3wki europejskiej &#8211; s\u0142ynny budapeszta\u0144ski Kispest z Budaim, Puskasem, Beresem, Bozsikiem i Grosicsem, kt\u00f3ry rozgromi\u0142 wcze\u015bniej chorzowski AKS 6:1 i pokona\u0142 kadr\u0119 A 4:0 (reprezentacj\u0119 Polski \u2013 nieoficjaln\u0105).Musia\u0142 si\u0119 jednak solidnie napracowa\u0107, by wygra\u0107 z jedenastk\u0105 BBTS, kt\u00f3ra do\u015b\u0107 nieoczekiwanie prowadzi\u0142a ju\u017c 2:0. Ostateczny wynik, 5:3 dla W\u0119gr\u00f3w, by\u0142 mimo wszystko wielkim sukcesem A-klasowej dru\u017cyny, kt\u00f3ra stawi\u0142a s\u0142ynnemu zespo\u0142owi niezwykle zaci\u0119ty op\u00f3r.<\/p>\n<p>W krajowych rozgrywkach, po zdobyciu mistrzostwa Podokr\u0119gu BBTS walczy ze zmiennym szcz\u0119\u015bciem w lidze \u015bl\u0105skiej. W 1958 roku, po wielu latach wysi\u0142k\u00f3w, dru\u017cyna wreszcie zdobywa mistrzostwo ligi \u015bl\u0105skiej i rozpoczyna walk\u0119 o awans do II ligi. Niestety, pora\u017cka w Tarnowie z miejscow\u0105 Uni\u0105 0:1 grzebie szanse na awans.Na otarcie \u0142ez, w pojedynku o moralny tytu\u0142 mistrza \u015al\u0105ska mi\u0119dzy dwoma zwyci\u0119zcami grup, nasza dru\u017cyna okazuje si\u0119 by\u0107 lepsza od katowickiego S\u0142owiana, wygrywaj\u0105c z nim 2:1. Sk\u0142ad dru\u017cyny, kt\u00f3ra walczy\u0142a o awans do II ligi: Ko\u017alik, Budzi\u0144ski, G\u0142owacz, Fajkis, Konior, Kozynacki, Hejosz, Kroczek, Matysik, Koenig, Straub, Stawowy. Od tego czasu klub raz po raz zdobywa mistrzostwo A klasy i raz po raz opuszcza lig\u0119 \u015bl\u0105sk\u0105.<\/p>\n<p>Na prze\u0142omie lat 1964\/65 upada sekcja pi\u0142karska Leszczy\u0144skiego Klubu Sportowego a cz\u0119\u015b\u0107 dzia\u0142aczy oraz zawodnik\u00f3w przechodzi do BBTS, co stanowi\u0142o wzmocnienie dru\u017cyny. Latem 1968 roku dochodzi do po\u0142\u0105czenia BBTS-u z W\u0142\u00f3kniarzem Bielsko. Pierwsza dru\u017cyna wyst\u0119powa\u0142a w klasie okr\u0119gowej (IV lidze), a druga w A klasie. Od roku 1973 wyst\u0119pujemy ju\u017c w III lidze, za\u015b w 1976r gramy ju\u017c w nowo utworzonej lidze wojew\u00f3dzkiej (po utworzeniu wojew\u00f3dztwa bielskiego) &#8211; by\u0142a to IV liga i gramy tam do 1983 roku, z roczn\u0105 przerw\u0105 na wyst\u0119py w III lidze w sezonie 1979\/80.<\/p>\n<p>W sezonie 1982\/83 BBTS zaj\u0105\u0142 ostatnie miejsce w lidze wojew\u00f3dzkiej i spad\u0142 na 2 lata do klasy A. Do ligi wojew\u00f3dzkiej wr\u00f3ci\u0142 w roku 1985. Na prze\u0142omie lat 80 i 90, z powodu trudnej sytuacji finansowej BBTS-u W\u0142\u00f3kniarz zacz\u0119to likwidowa\u0107 niekt\u00f3re sekcje, a niekt\u00f3rym (w gronie kt\u00f3rych znale\u017ali si\u0119 pi\u0142karze) nadano autonomi\u0119, co oznacza\u0142o praktycznie uniezale\u017cnienie si\u0119 od ca\u0142ego Bielsko-Bialskiego Towarzystwa Sportowego &#8222;W\u0142&amp;\u00f3kniarz&#8221;. Wspominaj\u0105c o historii BBTS-u nale\u017cy te\u017c napisa\u0107 o trzykrotnych wyst\u0119pach w rozgrywkach o Puchar Polski na szczeblu centralnym &#8211; w 1978r nasza dru\u017cyna dotar\u0142a do 1\/16 fina\u0142u, gdzie przegra\u0142a u siebie z I-ligow\u0105 Pogoni\u0105 Szczecin 1-2 dopiero po dogrywce, po mocno kontrowersyjnych decyzjach s\u0119dziego. Wcze\u015bniej BBTS wyeliminowa\u0142 takie kluby jak: Sandencja Nowy S\u0105cz, ROW Rybnik i G\u00f3rnik Wa\u0142brzych. W 1987r w II rundzie ulegamy I-ligowej w\u00f3wczas Jagielloni Bia\u0142ystok 0-2, a w 1989r, r\u00f3wnie\u017c w drugiej rundzie, Zag\u0142\u0119biu Sosnowiec 1-4.<\/p>\n<p>W 1989r lig\u0119 wojew\u00f3dzk\u0105 zast\u0119puje liga mi\u0119dzywojew\u00f3dzka (makroregion Opole-Cz\u0119stochowa-Bielsko-Bia\u0142a), do kt\u00f3rej BBTS si\u0119 &#8222;za\u0142apuje&#8221;. W roku 1992 futboli\u015bci awansowali do III ligi, graj\u0105c w sk\u0142adzie: Nolka, Macher, Halama, Wawrzuta, Foltyn, Skoczylas, Ku\u015b, Niemczyk, Dzi\u0119dziel, Miko\u0142ajek, Fory\u015b, Pruski, Czy\u017cewski, Bieniek, Kania, Kisia\u0142a, Duleba. Zesp\u00f3\u0142 prowadzi\u0142 by\u0142y zawodnik klubu Ryszard Har\u0119\u017clak. Niestety, ju\u017c po roku wracamy do IV ligi, gdzie odgrywamy rol\u0119 typowego \u015bredniaka. Sezon 96\/97 BBTS ko\u0144czy na ostatnim miejscu. Konsekwencj\u0105 tego by\u0142o kolejne, wa\u017cne posuni\u0119cie &#8211; 11 lipca 1997r dokonano fuzji autonomicznej sekcji pi\u0142ki no\u017cnej z powsta\u0142ym w 1995r Dzielnicowym Klubem Sportowym (DKS)<br \/>\nKomorowice.<\/p>\n<p>Sezon 01\/02 III Liga<\/p>\n<p>Dzia\u0142acze klubu postanowili jeszcze raz podj\u0105\u0107 walk\u0119 o drug\u0105 lig\u0119. Po odej\u015bciu do W\u0142\u00f3kniarza Kietrz Wojciecha Boreckiego nowym trenerem zosta\u0142 Albin Wira &#8211; dotychczasowy szkoleniowiec narodowej reprezentacji kobiet. Mimo i\u017c dru\u017cyna nie osi\u0105ga\u0142a z\u0142ych wynik\u00f3w (3 zwyci\u0119stwa i 2 remisy) po meczu z Pogoni\u0105 Ole\u015bnica postanowiono, \u017ce na trenerskim fotelu zn\u00f3w zasi\u0105dzie Borecki, kt\u00f3ry w\u0142a\u015bnie straci\u0142 prac\u0119 w Kietrzu. Debiut nowego trenera wypad\u0142 okazale, od zwyci\u0119stwa 5:0, nast\u0119pnie przyszed\u0142 ma\u0142y kryzys, ale potem zn\u00f3w wszystko wr\u00f3ci\u0142o na w\u0142a\u015bciwe tory. Na p\u00f3\u0142metku BBTS by\u0142 liderem III ligi grupy \u015bl\u0105skiej, maj\u0105c 2 punkty przewagi nad Pogoni\u0105 \u015awiebodzin. Tym razem nie pope\u0142niono b\u0142\u0119d\u00f3w sprzed roku i nie sprzedano najlepszych pi\u0142karzy. W meczu inauguracyjnym rund\u0119 wiosenn\u0105 bielszczanie niespodziewanie przegrali z GKS-em Jastrz\u0119bie 0:2. Wtedy to w serca kibic\u00f3w wtargn\u0119\u0142a niepewno\u015b\u0107. Na szcz\u0119\u015bcie by\u0142 to tylko wypadek przy pracy, a nie oznaka wi\u0119kszego kryzysu i po serii zwyci\u0119stw, na 4 kolejki przed ko\u0144cem rozgywek, Bielsko, po 19 latach, powr\u00f3ci\u0142o do grona miast z futbolem na drugoligowym poziomie. Dla BBTS-u by\u0142 to debiut na tak wysokim szczeblu rozgrywek.<\/p>\n<p>Piast Gliwice i Pogo\u0144 \u015awiebodzin traci\u0142y do zwyci\u0119zcy a\u017c 15 punkt\u00f3w ! Zaraz po tym najwi\u0119kszym sukcesie w historii 95-letniego w\u00f3wczas klubu dokonano rzeczy bezprecedensowej. Usuni\u0119to bowiem historyczny cz\u0142on \u201eBBTS\u201d z nazwy klubu. Nowa nazwa to MC Podbeskidzie (MC &#8211; od nazw g\u0142\u00f3wnych sponsor\u00f3w Marbetu i Ceramedu), kt\u00f3ra wg w\u0142adz miasta mia\u0142a lepiej promowa\u0107 region. W przerwie letniej BBTS, jeszcze pod star\u0105 nazw\u0105, zagra\u0142 mecz towarzyski z aktualnym wtedy mistrzem Polski, warszawsk\u0105 Legi\u0105, i zdo\u0142a\u0142 zremisowa\u0107 0:0<\/p>\n<p>Zmiana szyldu przez senior\u00f3w, nie by\u0142a r\u00f3wnoznaczna ze zmian\u0105 nazwy przez nasze stowarzyszenie. M\u0142odzie\u017c &#8222;Podbeskidzia&#8221; zosta\u0142a wierna nazwie BBTS . W 2003 roku nasze stowarzyszenie przyj\u0119\u0142o nazw\u0119 BBTS &#8222;Podbeskidzie&#8221; &#8211; przejmuj\u0105c wszelkie prawa do nazwy BBTS.<\/p>\n<p>Sezon 03\/04 Spadek ze \u015al\u0105skiej Ligi Junior\u00f3w<\/p>\n<p>Po bardzo udanym poprzednim sezonie, gdzie juniorzy naszego klubu zdobyli 2 miejsce w \u015al\u0105skiej Lidze Junior\u00f3w, trzeba by\u0142o nam prze\u0142kn\u0105\u0107 gorycz pora\u017cki. Dru\u017cyna junior\u00f3w starszych, spad\u0142a z tej elitarnej klasy rozgrywkowej. Po tym sezonie dosz\u0142o do od\u0142\u0105czenia si\u0119 naszego stowarzyszenia od SMS Bielsko-Bia\u0142a (Szko\u0142a Mistrzostwa Sportowego,b\u0119d\u0105ca w\u0142asno\u015bci\u0105 Wojciecha Boreckiego &#8211; by\u0142ego szkoleniowca drugoligowego TS Podbeskidzie). Tworz\u0105c swoj\u0105 szko\u0142\u0119 mistrzostwa sportowego (SMS BBTS PODBESKIDZIE ), stali\u015bmy si\u0119 bardzo konkurencyjn\u0105 alternatyw\u0105 dla SMS Bielsko-Bia\u0142a.<\/p>\n<p>Sezony 04\/05 , 05\/06 Nieudana walka o powr\u00f3t do \u015al\u0105skiej Ligi Junior\u00f3w<\/p>\n<p>W tych sezonach nasi juniorzy walczyli do ko\u0144ca o upragniony awans lecz zawsze brakowa\u0142o kilka g\u0142upio straconych punkt\u00f3w. Najpierw uprzedzi\u0142 nas SMS Bielsko-Bia\u0142a a w nast\u0119pnym sezonie lepszy okaza\u0142 si\u0119 BKS STAL Bielsko-Bia\u0142a. Mimo i\u017c, juniorom nie &#8222;sz\u0142o&#8221; to nasze m\u0142odsze roczniki bezapelacyjnie wygrywa\u0142y swoje rozgrywki, 3 krotnie sezon po sezonie swoje rozgrywki wygrywali nasi m\u0142odzicy m\u0142odsi ( roczniki : 1991, 1992, 1993, vicemistrzostwo rocznika 1994 ), m\u0142odzicy starsi (rocznik 1991). Rozgrywki w Ligach \u017bak\u00f3w zdominowa\u0142y nasze dru\u017cyny wygrywaj\u0105c Puchar Beskidzkiego Okr\u0119gowego Zwi\u0105zku Pi\u0142ki No\u017cnej (min. 1993 2 krotnie, 1994 &#8211; raz i wicemistrzostwo rocznika 1995 ).<\/p>\n<p>Sezon 06\/07 Upragniony awans<\/p>\n<p>Dru\u017cyna junior\u00f3w starszych prowadzona przez Wies\u0142awa Jurczyka, w ca\u0142ym sezonie okaza\u0142a si\u0119 najlepsz\u0105 dru\u017cyn\u0105 Okr\u0119gowej Ligi Junior\u00f3w starszych. Na 4 kolejki przed ko\u0144cem sezonu zapewni\u0142a sobie awans do \u015al\u0105skiej Ligi Junior\u00f3w. W 24 meczach wygrali 19 , zremisowali 2 i tylko 3 przegrali. Po 3 latach walki , w ko\u0144cu uda\u0142o si\u0119 awansowa\u0107 do tej klasy rozgrywkowej.<\/p>\n<p>Sezon 07\/08 Bardzo udany sezon.<\/p>\n<p>Sezon 2007\/2008 by\u0142 niezwykle udany, juniorzy starsi naszego klubu, wyst\u0119puj\u0105cy w \u015al\u0105skiej Lidze Junior\u00f3w starszych (trenerzy: Wies\u0142aw Jurczyk i Dariusz Gadzina), jako jedyna dru\u017cyna z naszego miasta utrzyma\u0142a si\u0119 w tej klasie rozgrywkowej (BKS Stal i SMS Bielsko-Bia\u0142a spad\u0142y). W rozgrywkach Beskidzkiego Okr\u0119gowego Zwi\u0105zku Pi\u0142ki No\u017cnej, nasze dru\u017cyny zdoby\u0142y 4 tytu\u0142y mistrzowskie na 5 klas rozgrywkowych. Juniorzy starsi wyst\u0119puj\u0105cy w Okr\u0119gowej Lidze &#8222;A&#8221; Junior\u00f3w starszych zdobyli mistrzostwo tej klasy rozgrywkowej, nast\u0119pne mistrzostwo zdobyli juniorzy m\u0142odsi 1991, podopieczni Andrzeja Wyroby wywalczyli w spos\u00f3b bezapelacyjny awans do \u015al\u0105skiej Ligi Junior\u00f3w M\u0142odszych. Na 5 kolejek przed ko\u0144cem rozgrywek, ju\u017c nikt nie m\u00f3g\u0142 zabra\u0107 im, tego tytu\u0142u. M\u0142odzicy m\u0142odsi rocznika 1995 (podopieczni Mateusza Gazdy) a tak\u017ce \u017caki rocznika 1996 (trener Waldemar Fluder) do\u0142o\u017cy\u0142y swoje z\u0142ote medale do tego niezwykle udanego sezonu dla naszego stowarzyszenia. Nale\u017cy tak\u017ce doda\u0107 \u017ce, dru\u017cyna rocznika 1995, powt\u00f3rzy\u0142a sukces rocznika 1993 sprzed 2 lat &#8211; zajmuj\u0105c 3 miejsce w Polsce w turnieju &#8222;Coca Cola Cup&#8221;<\/p>\n<p>Ale ten sezon to nietylko rozgrywki, to tak\u017ce rozbudowa naszej bazy sportowej, to w tym sezonie rozpocz\u0119li\u015bmy budow\u0119 boiska treningowego ze sztuczn\u0105 nawierzchni\u0105. A tak\u017ce zacz\u0119li\u015bmy przygotowania do budowy siedziby naszego klubu. Nale\u017cy te\u017c wspomnie\u0107 i\u017c, powi\u0119kszy\u0142 si\u0119 sk\u0142ad zarz\u0105du stowarzyszenia, kt\u00f3re od tego sezonu jest w sk\u0142adzie: Jerzy Wolas &#8211; prezes stowarzyszenia,Jaros\u0142aw Rozmus i S\u0142awomir Putek &#8211; viceprezesi, Grzegorz Rogala &#8211; sekretarz oraz Grzegorz \u0141aciak i Rafa\u0142 Obracaj &#8211; cz\u0142onkowie zarz\u0105du.<\/p>\n<p>Tak\u017ce w tym sezonie zmieni\u0142 wygl\u0105d nasz klubowy herb, aby podkre\u015bli\u0107 nasze &#8222;BBTS-owe korzenie&#8221;w herbie umieszczono rok powstania naszego klubu. W nowy sezon dumnie wkraczamy, poniewa\u017c jeste\u015bmy jedynym klubem w regionie, kt\u00f3ry posiada 2 dru\u017cyny w \u015al\u0105skich Ligach.<\/p>\n<p>Sezon 08\/09 Wicemistrzostwo \u015al\u0105ska M\u0142odzik\u00f3w TSP<\/p>\n<p>W kolejny sezon wchodzili\u015bmy jako jedyny klub z regionu, posiadaj\u0105cy dwie dru\u017cyny w \u015al\u0105skich Ligach, w \u015aLJ nasi juniorzy starsi grali ju\u017c trzeci sezon z rz\u0119du. Pod wodz\u0105 Dariusza Gadziny i Andrzeja Wyroby nasi juniorzy utrzymali si\u0119 w tej lidze, zajmuj\u0105c 12 pozycj\u0119. Niestety swojego planu niewykonali juniorzy m\u0142odsi, kt\u00f3rzy zaledwie po roku gry w \u015al\u0105skiej Lidze Junior\u00f3w M\u0142odszych, opu\u015bcili szeregi tej klasy rozgrywkowej. Jednak bohaterami w tym sezonie byli m\u0142odzicy m\u0142odsi rocznika 1996, podopieczni Waldemara Fludra po zdobyciu Mistrzostwa Okr\u0119gu, udanie zaprezentowali si\u0119 w Mistrzostwach \u015al\u0105ska. W\u0142a\u015bnie w tych rozgrywkach zdobyli wicemistrzostwo \u015al\u0105skiego OZPN. Po takim sukcesie przyst\u0119pujemy do nowego sezonu z mocnym postanowieniem powrotu naszych junior\u00f3w m\u0142odszych do \u015al\u0105skiej Ligi.<\/p>\n<p>Sezon 09\/10 &#8230;<\/p>\n<p>[\/vc_column_text][\/vc_column][\/vc_row][vc_row row_height_percent=&#8221;0&#8243; override_padding=&#8221;yes&#8221; h_padding=&#8221;2&#8243; top_padding=&#8221;3&#8243; bottom_padding=&#8221;3&#8243; overlay_alpha=&#8221;50&#8243; gutter_size=&#8221;3&#8243; column_width_percent=&#8221;100&#8243; shift_y=&#8221;0&#8243; z_index=&#8221;0&#8243; uncode_shortcode_id=&#8221;120609&#8243;][vc_column width=&#8221;1\/1&#8243;][vc_custom_heading text_size=&#8221;h3&#8243; uncode_shortcode_id=&#8221;130006&#8243;]Szko\u0142y[\/vc_custom_heading][vc_column_text uncode_shortcode_id=&#8221;214144&#8243;]Szko\u0142a Mistrzostwa Sportowego BBTS PODBESKIDZIE funkcjonuje od 1 wrze\u015bnia 2003 roku.<br \/>\nJest to plac\u00f3wka niepubliczna o uprawnieniach szko\u0142y publicznej.<\/p>\n<p>W jej sk\u0142ad wchodz\u0105:<\/p>\n<p>Szko\u0142a Podstawowa Mistrzostwa Sportowego<br \/>\nLiceum Og\u00f3lnokszta\u0142c\u0105ce Mistrzostwa Sportowego<\/p>\n<p>Od wrze\u015bnia 2016 roku zaj\u0119cia klas 4-6 Szko\u0142y Podstawowej oraz Liceum Og\u00f3lnokszta\u0142c\u0105cego Mistrzostwa Sportowego BBTS odbywaj\u0105 si\u0119 w budynku przy ul. Gen. W\u0142. Sikorskiego 4C. Szko\u0142a zatrudnia wykwalifikowan\u0105 kadr\u0119 pedagogiczn\u0105 i trenersk\u0105.<\/p>\n<p>Szko\u0142a prowadzi nab\u00f3r wed\u0142ug zasad okre\u015blonych odr\u0119bnie dla ka\u017cdego typu szko\u0142y. Uczniowie zamiejscowi maj\u0105 mo\u017cliwo\u015b\u0107 zakwaterowania w Internacie Zespo\u0142u Szk\u00f3\u0142 Og\u00f3lnokszta\u0142c\u0105cych i Samochodowych w Bielsku-Bia\u0142ej przy ul. Filarowej. Czesne w naszych szko\u0142ach wynosi 150 z\u0142. (osoby p\u0142ac\u0105ce za internat s\u0105 zwolnione z czesnego).<\/p>\n<p>G\u0142\u00f3wne zadania szko\u0142y :<\/p>\n<p>umo\u017cliwienie uczniom rozwoju talent\u00f3w sportowych;<br \/>\nstworzenie uczniom optymalnych warunk\u00f3w, umo\u017cliwiaj\u0105cych \u0142\u0105czenie zaj\u0119\u0107 sportowych z realizacj\u0105 innych zaj\u0119\u0107 dydaktycznych;<br \/>\numo\u017cliwienie indywidualnego podej\u015bcia pedagogicznego i opieku\u0144czego do ka\u017cdego ucznia poprzez organizacj\u0119 oddzia\u0142\u00f3w klasowych maksymalnie 20 osobowych.<\/p>\n<p>Szkolenie sportowe :<br \/>\nSzko\u0142a organizuje szkolenie sportowe (pi\u0142ka no\u017cna) w oparciu o program szkolenia sportowego dla poszczeg\u00f3lnych grup wiekowych. Obowi\u0105zkowy tygodniowy wymiar zaj\u0119\u0107 sportowych wynosi &#8211; 16 godzin.<br \/>\nDodatkowo bierzemy udzia\u0142 w r\u00f3\u017cnorodnych turniejach zar\u00f3wno krajowych, jak i mi\u0119dzynarodowych. Nasi zawodnicy mieli okazj\u0119 wyst\u0119powa\u0107 na boiskach i halach w Danii, Francji, S\u0142owacji, W\u0142oszech, W\u0119grzech czy Czechach. Dwa razy w roku wyje\u017cd\u017camy na obozy sportowe- jeden zimowy i jeden letni, przygotowuj\u0105cy pi\u0142karzy do nowego sezonu.[\/vc_column_text][\/vc_column][\/vc_row][vc_row row_height_percent=&#8221;0&#8243; override_padding=&#8221;yes&#8221; h_padding=&#8221;2&#8243; top_padding=&#8221;3&#8243; bottom_padding=&#8221;3&#8243; overlay_alpha=&#8221;50&#8243; gutter_size=&#8221;3&#8243; column_width_percent=&#8221;100&#8243; shift_y=&#8221;0&#8243; z_index=&#8221;0&#8243; uncode_shortcode_id=&#8221;120609&#8243;][vc_column width=&#8221;1\/1&#8243;][vc_custom_heading text_size=&#8221;h3&#8243; uncode_shortcode_id=&#8221;514925&#8243;]Wychowankowie[\/vc_custom_heading][uncode_index el_id=&#8221;index-100544&#8243; isotope_mode=&#8221;fitRows&#8221; loop=&#8221;size:5|order_by:rand|post_type:post|categories:6|taxonomy_count:10&#8243; screen_lg=&#8221;1000&#8243; screen_md=&#8221;600&#8243; screen_sm=&#8221;480&#8243; gutter_size=&#8221;3&#8243; post_items=&#8221;media|featured|lightbox|original,title,text|full&#8221; single_overlay_opacity=&#8221;50&#8243; single_padding=&#8221;2&#8243; uncode_shortcode_id=&#8221;109984&#8243;][\/vc_column][\/vc_row]<\/p>\n","protected":false},"excerpt":{"rendered":"<p>[vc_row unlock_row_content=&#8221;yes&#8221; row_height_percent=&#8221;0&#8243; override_padding=&#8221;yes&#8221; h_padding=&#8221;2&#8243; top_padding=&#8221;3&#8243; bottom_padding=&#8221;3&#8243; back_image=&#8221;16&#8243; overlay_color=&#8221;color-210407&#8243; overlay_alpha=&#8221;90&#8243; gutter_size=&#8221;3&#8243; column_width_percent=&#8221;100&#8243; shift_y=&#8221;0&#8243; z_index=&#8221;0&#8243; uncode_shortcode_id=&#8221;149341&#8243; overlay_color_type=&#8221;uncode-palette&#8221;][vc_column column_width_percent=&#8221;100&#8243; position_vertical=&#8221;middle&#8221; align_horizontal=&#8221;align_center&#8221; gutter_size=&#8221;3&#8243; [&hellip;]<\/p>\n","protected":false},"author":1,"featured_media":0,"parent":0,"menu_order":0,"comment_status":"closed","ping_status":"closed","template":"","meta":[],"_links":{"self":[{"href":"https:\/\/bbts.pl\/akademia\/wp-json\/wp\/v2\/pages\/72"}],"collection":[{"href":"https:\/\/bbts.pl\/akademia\/wp-json\/wp\/v2\/pages"}],"about":[{"href":"https:\/\/bbts.pl\/akademia\/wp-json\/wp\/v2\/types\/page"}],"author":[{"embeddable":true,"href":"https:\/\/bbts.pl\/akademia\/wp-json\/wp\/v2\/users\/1"}],"replies":[{"embeddable":true,"href":"https:\/\/bbts.pl\/akademia\/wp-json\/wp\/v2\/comments?post=72"}],"version-history":[{"count":22,"href":"https:\/\/bbts.pl\/akademia\/wp-json\/wp\/v2\/pages\/72\/revisions"}],"predecessor-version":[{"id":1076,"href":"https:\/\/bbts.pl\/akademia\/wp-json\/wp\/v2\/pages\/72\/revisions\/1076"}],"wp:attachment":[{"href":"https:\/\/bbts.pl\/akademia\/wp-json\/wp\/v2\/media?parent=72"}],"curies":[{"name":"wp","href":"https:\/\/api.w.org\/{rel}","templated":true}]}}