{"id":333,"date":"2023-01-16T22:03:23","date_gmt":"2023-01-16T21:03:23","guid":{"rendered":"http:\/\/qfbznlr.cluster030.hosting.ovh.net\/akademia\/?page_id=333"},"modified":"2023-02-03T12:57:47","modified_gmt":"2023-02-03T11:57:47","slug":"kontakt","status":"publish","type":"page","link":"https:\/\/bbts.pl\/akademia\/kontakt\/","title":{"rendered":"Kontakt"},"content":{"rendered":"<p>[vc_row][vc_column width=&#8221;1\/1&#8243;][vc_row_inner][vc_column_inner width=&#8221;1\/1&#8243;][vc_custom_heading uncode_shortcode_id=&#8221;157282&#8243; text_color_type=&#8221;uncode-palette&#8221; text_color_solid=&#8221;#ff0000&#8243; subheading=&#8221;Bielsko-Bialskie Towarzystwo Sportowe<br \/>\nPODBESKIDZIE&#8221;]Kontakt[\/vc_custom_heading][\/vc_column_inner][\/vc_row_inner][vc_row_inner][vc_column_inner width=&#8221;1\/3&#8243;][vc_icon icon=&#8221;fa fa-phone-handset&#8221; size=&#8221;fa-2x&#8221; uncode_shortcode_id=&#8221;123350&#8243;]Sekretariat klubowy: kom.: 668 168 033<br \/>\nKsi\u0119gowo\u015b\u0107:\u00a033 829 00 64[\/vc_icon][\/vc_column_inner][vc_column_inner width=&#8221;1\/3&#8243;][vc_icon icon=&#8221;fa fa-map-marker2&#8243; uncode_shortcode_id=&#8221;195085&#8243;]43-300 Bielsko-Bia\u0142a, ul. Olimpijska 14[\/vc_icon][\/vc_column_inner][vc_column_inner width=&#8221;1\/3&#8243;][vc_icon icon=&#8221;fa fa-envelope-o&#8221; uncode_shortcode_id=&#8221;146992&#8243;]<a href=\"mailto:podbeskidzie@smsbbts.pl\">podbeskidzie@smsbbts.pl<\/a>[\/vc_icon][\/vc_column_inner][\/vc_row_inner][vc_gmaps map_color=&#8221;accent&#8221; ui_color=&#8221;color-vyce&#8221; zoom=&#8221;14&#8243; map_saturation=&#8221;-20&#8243; map_brightness=&#8221;5&#8243; uncode_shortcode_id=&#8221;191653&#8243; address=&#8221;43-300 Bielsko-Bia\u0142a, ul. Olimpijska 14&#8243; map_color_type=&#8221;uncode-palette&#8221; ui_color_type=&#8221;uncode-palette&#8221;][vc_empty_space empty_h=&#8221;2&#8243;][vc_custom_heading heading_semantic=&#8221;h4&#8243; text_size=&#8221;h4&#8243; uncode_shortcode_id=&#8221;122129&#8243;]Obiekty na ktr\u00f3rych gramy[\/vc_custom_heading][\/vc_column][\/vc_row][vc_row][vc_column width=&#8221;1\/2&#8243;][vc_column_text uncode_shortcode_id=&#8221;173354&#8243;]43-300 Bielsko-Bia\u0142a, ul. Olimpijska 28[\/vc_column_text][vc_gmaps map_color=&#8221;accent&#8221; ui_color=&#8221;color-vyce&#8221; zoom=&#8221;14&#8243; map_saturation=&#8221;-20&#8243; map_brightness=&#8221;5&#8243; uncode_shortcode_id=&#8221;104725&#8243; address=&#8221;43-300 Bielsko-Bia\u0142a, ul. Olimpijska 14&#8243; map_color_type=&#8221;uncode-palette&#8221; ui_color_type=&#8221;uncode-palette&#8221;][\/vc_column][vc_column width=&#8221;1\/2&#8243;][vc_column_text uncode_shortcode_id=&#8221;983639&#8243;]43-300 Bielsko-Bia\u0142a, ul. M\u0142y\u0144ska 52a (boisko BBOSiR)[\/vc_column_text][vc_gmaps map_color=&#8221;accent&#8221; ui_color=&#8221;color-vyce&#8221; zoom=&#8221;14&#8243; map_saturation=&#8221;-20&#8243; map_brightness=&#8221;5&#8243; uncode_shortcode_id=&#8221;194573&#8243; address=&#8221;43-300 Bielsko-Bia\u0142a, ul. M\u0142y\u0144ska 52a (boisko BBOSiR)&#8221; map_color_type=&#8221;uncode-palette&#8221; ui_color_type=&#8221;uncode-palette&#8221;][\/vc_column][\/vc_row]<\/p>\n","protected":false},"excerpt":{"rendered":"<p>[vc_row][vc_column width=&#8221;1\/1&#8243;][vc_row_inner][vc_column_inner width=&#8221;1\/1&#8243;][vc_custom_heading uncode_shortcode_id=&#8221;157282&#8243; text_color_type=&#8221;uncode-palette&#8221; text_color_solid=&#8221;#ff0000&#8243; subheading=&#8221;Bielsko-Bialskie Towarzystwo Sportowe PODBESKIDZIE&#8221;]Kontakt[\/vc_custom_heading][\/vc_column_inner][\/vc_row_inner][vc_row_inner][vc_column_inner width=&#8221;1\/3&#8243;][vc_icon icon=&#8221;fa fa-phone-handset&#8221; size=&#8221;fa-2x&#8221; uncode_shortcode_id=&#8221;123350&#8243;]Sekretariat klubowy: kom.: 668 168 033 [&hellip;]<\/p>\n","protected":false},"author":2,"featured_media":0,"parent":0,"menu_order":0,"comment_status":"closed","ping_status":"closed","template":"","meta":[],"_links":{"self":[{"href":"https:\/\/bbts.pl\/akademia\/wp-json\/wp\/v2\/pages\/333"}],"collection":[{"href":"https:\/\/bbts.pl\/akademia\/wp-json\/wp\/v2\/pages"}],"about":[{"href":"https:\/\/bbts.pl\/akademia\/wp-json\/wp\/v2\/types\/page"}],"author":[{"embeddable":true,"href":"https:\/\/bbts.pl\/akademia\/wp-json\/wp\/v2\/users\/2"}],"replies":[{"embeddable":true,"href":"https:\/\/bbts.pl\/akademia\/wp-json\/wp\/v2\/comments?post=333"}],"version-history":[{"count":9,"href":"https:\/\/bbts.pl\/akademia\/wp-json\/wp\/v2\/pages\/333\/revisions"}],"predecessor-version":[{"id":409,"href":"https:\/\/bbts.pl\/akademia\/wp-json\/wp\/v2\/pages\/333\/revisions\/409"}],"wp:attachment":[{"href":"https:\/\/bbts.pl\/akademia\/wp-json\/wp\/v2\/media?parent=333"}],"curies":[{"name":"wp","href":"https:\/\/api.w.org\/{rel}","templated":true}]}}